i(b) = -b**3 - 34*b**2 - 29*b - 2278. What is i(-35)?
-38
Let o(f) = f**3 + 14*f**2 - 68*f - 89. What is o(-18)?
-161
Let i(f) = f**3 + 14*f**2 - 57*f - 31. Calculate i(-17).
71
Let n(i) = -40*i + 275. What is n(9)?
-85
Let m(y) = 7615*y - 38063. Determine m(5).
12
Let a(p) = 67*p**2 - 123*p + 11. Calculate a(2).
33
Let h(d) = 309*d - 1527. Give h(5).
18
Let p(g) = -871*g + 6096. What is p(7)?
-1
Let k(v) = -v**2 + 17*v + 80. Give k(21).
-4
Let x(z) = 2*z**2 + 140*z + 77. What is x(-69)?
-61
Let x(o) = 80*o - 1909. What is x(25)?
91
Let y(b) = -232*b + 913. Calculate y(4).
-15
Let p(s) = -2*s**3 - 42*s**2 + 13*s + 1073. Calculate p(-20).
13
Let f(d) = -d**3 + 16*d**2 + 42*d - 421. Give f(17).
4
Let t(n) = -16*n**2 - 647*n + 1944. Calculate t(3).
-141
Let b(r) = -507*r + 6111. Give b(12).
27
Let v(r) = r**3 - 58*r**2 + 216*r + 1. Calculate v(4).
1
Let d(p) = 5*p**2 - 10*p - 59. Give d(7).
116
Let o(d) = -87*d**2 + 902*d - 46. What is o(10)?
274
Let i(u) = -u**3 + 11*u**2 + 24*u + 19. What is i(13)?
-7
Let o(j) = 19*j - 550. Determine o(29).
1
Let u(v) = -v**3 - 4*v**2 + 53*v - 70. Calculate u(-10).
0
Let r(l) = l**3 - 27*l**2 - 64*l + 97. Calculate r(29).
-77
Let z(o) = -84*o**3 + 4*o**2 - 2*o - 8. What is z(-1)?
82
Let r(l) = -5*l**2 + 28*l + 26. What is r(6)?
14
Let f(a) = -38*a + 1231. Calculate f(35).
-99
Let w(i) = 3*i**2 + 93*i + 153. Calculate w(-29).
-21
Let x(g) = 2*g**2 + 260*g + 7170. Determine x(-91).
72
Let a(g) = g**2 + 31*g + 28. Give a(-11).
-192
Let w(p) = p**3 - 104*p**2 + 4*p - 262. Give w(104).
154
Let u(m) = m**2 + 30*m + 174. Calculate u(-7).
13
Let g(j) = 2*j**2 + 105*j + 455. Calculate g(-45).
-220
Let u(h) = 11*h**2 + 75*h + 78. Calculate u(-6).
24
Let r(d) = -181*d + 12113. Determine r(67).
-14
Let t(b) = b**3 + 26*b**2 + 86*b - 46. Give t(-22).
-2
Let u(z) = -z**3 - 49*z**2 - 94*z - 114. What is u(-47)?
-114
Let n(w) = -w**3 + 8*w**2 - 13*w + 19. What is n(4)?
31
Let l(b) = b**3 + 13*b**2 + 71*b + 935. What is l(-11)?
396
Let b(q) = -5*q**3 + 173*q**2 + 71*q - 79. Calculate b(35).
-44
Let d(u) = 2*u**3 + 16*u**2 + 2*u + 28. Determine d(-8).
12
Let b(f) = -64*f**2 + 4096*f + 30. Give b(64).
30
Let l(p) = -p**3 - 18*p**2 - 60*p + 147. What is l(-12)?
3
Let i(v) = 28*v**2 - 260*v + 78. Give i(9).
6
Let v(y) = -y**2 + y + 498. Determine v(-22).
-8
Let s(l) = -2*l - 21. Calculate s(27).
-75
Let m(k) = -k**3 - 44*k**2 - 76*k + 322. Calculate m(-42).
-14
Let y(p) = p**3 + 9*p**2 - 5*p + 10. Calculate y(0).
10
Let j(k) = -k**2 + 12*k + 84. Determine j(-5).
-1
Let q(b) = 768*b + 3055. Determine q(-4).
-17
Let c(o) = -172*o + 1578. Calculate c(11).
-314
Let f(d) = 21*d + 428. Give f(-34).
-286
Let c(u) = u**3 - 15*u**2 - 30*u + 4. Calculate c(17).
72
Let v(a) = 31*a + 723. Give v(-23).
10
Let p(z) = -1306*z - 13080. What is p(-10)?
-20
Let h(w) = w**3 + 186*w**2 + 540*w - 1587. Determine h(-183).
60
Let k(d) = 19*d**2 - 363*d. Calculate k(19).
-38
Let s(r) = 2*r**2 + 44*r + 64. Determine s(-21).
22
Let p(a) = -5*a + 71. Determine p(10).
21
Let d(i) = 128*i + 1580. What is d(-11)?
172
Let s(i) = 110*i - 1435. Calculate s(12).
-115
Let c(p) = -p**3 - 12*p**2 + 70*p + 36. Calculate c(-16).
-60
Let b(d) = 588*d - 11717. Determine b(20).
43
Let p(j) = -9*j - 14. Calculate p(-1).
-5
Let y(z) = -z**3 - 4*z**2 + 60*z + 11. What is y(6)?
11
Let l(w) = 72*w. Calculate l(-1).
-72
Let f(x) = 230*x + 10076. Give f(-44).
-44
Let b(q) = -q**2 - 56*q - 799. Give b(-38).
-115
Let n(g) = g**3 + 14*g**2 - 490*g - 6160. What is n(-12)?
8
Let y(i) = i**2 + 38*i - 195. Calculate y(-41).
-72
Let c(b) = -b**3 + 5*b**2 - 14*b + 71. What is c(5)?
1
Let l(r) = -r**2 + 32*r - 168. Give l(25).
7
Let m(q) = -q + 163. Calculate m(13).
150
Let y(w) = w**3 - 28*w**2 + 105*w - 757. Determine y(25).
-7
Let b(w) = -w + 580. Give b(0).
580
Let s(k) = 4*k**3 - 53*k**2 - 65*k + 340. Determine s(14).
18
Let s(i) = -4*i + 74. What is s(22)?
-14
Let i(h) = -h**3 + 4*h**2 + 6*h - 41. Calculate i(4).
-17
Let z(c) = -c**2 - 112*c - 253. Calculate z(-109).
74
Let t(s) = -s**2 + 36*s + 207. Determine t(-5).
2
Let l(j) = 35*j + 137. Give l(10).
487
Let m(f) = f**2 - 167*f - 12218. Give m(-55).
-8
Let x(r) = r**3 - 39*r**2 + 391*r - 3650. Determine x(30).
-20
Let y(s) = s**2 - 25*s + 17. Determine y(21).
-67
Let g(y) = -14*y**3 - 10*y**2 - 16*y - 20. Determine g(-1).
0
Let b(u) = -17*u**2 - 370*u + 67. Determine b(-22).
-21
Let o(l) = 23*l**2 + 7*l - 32. Give o(-5).
508
Let s(b) = -5*b**3 - 15*b**2 + 34*b + 89. Calculate s(-3).
-13
Let v(n) = -n**3 - 7*n**2 + 259*n - 75. Give v(-20).
-55
Let w(c) = -3*c**2 + 38*c - 31. Give w(10).
49
Let d(t) = 12*t**2 - 683*t + 170. Calculate d(56).
-446
Let v(u) = -3*u**2 + 9*u - 15. Calculate v(2).
-9
Let v(w) = 47*w + 274. Determine v(-5).
39
Let m(u) = -228*u + 42868. What is m(188)?
4
Let a(w) = -78*w - 12647. Calculate a(-162).
-11
Let v(p) = 3*p**2 + 15*p - 1929. What is v(23)?
3
Let a(j) = j**3 - 28*j**2 + 192*j + 49. Give a(15).
4
Let t(y) = -8*y - 294. What is t(-33)?
-30
Let a(h) = -54*h - 42. Determine a(-2).
66
Let k(f) = -f**3 - f**2 + 24*f + 30. Give k(-7).
156
Let v(n) = 2*n**3 + 19*n**2 - 15*n - 60. Determine v(-5).
240
Let f(r) = 12*r**3 + 4*r**2 + 3*r - 16. What is f(2)?
102
Let y(f) = -173*f**3 - 3*f**2 + 27*f + 51. Give y(-2).
1369
Let o(l) = -l**3 - l**2 - 23*l - 35. Give o(-7).
420
Let t(s) = -25*s + 235. Calculate t(11).
-40
Let d(u) = -2*u**2 + 11*u - 8. Give d(2).
6
Let u(d) = -d**3 - 41*d**2 - 33*d + 235. Give u(-40).
-45
Let t(q) = 6*q**2 + 717*q + 2127. Calculate t(-3).
30
Let i(g) = -3181*g - 12705. Give i(-4).
19
Let g(q) = -46*q - 52. Calculate g(-1).
-6
Let p(a) = -a**3 + 20*a**2 + 2*a + 24. Determine p(20).
64
Let y(h) = 165*h + 1618. Determine y(-12).
-362
Let u(l) = 178*l**3 - 6*l**2 - 12*l - 3. Calculate u(-1).
-175
Let v(p) = -19*p - 1139. Calculate v(5).
-1234
Let g(t) = -795*t**3 - 9*t**2 - t + 7. Calculate g(-1).
794
Let q(b) = -2*b**3 + 129*b**2 + 199*b - 40. Give q(66).
26
Let v(h) = -53*h**2 + 34*h + 66. What is v(-2)?
-214
Let y(j) = 28*j + 293. What is y(-13)?
-71
Let n(m) = -19*m + 1910. Calculate n(101).
-9
Let z(h) = -18*h**3 + 160*h**2 + 15*h + 51. What is z(9)?
24
Let v(g) = 39*g**2 + 4. What is v(0)?
4
Let k(r) = r**2 - 10*r - 97. Calculate k(-9).
74
Let v(k) = -k**3 + 33*k**2 - 36*k + 110. Calculate v(32).
-18
Let f(w) = w**3 - 12*w**2 + 26*w - 16. Give f(7).
-79
Let t(n) = n**2 + 33*n + 130. Give t(-4).
14
Let m(b) = -b**3 - 15*b**2 - 30*b - 19. Determine m(-10).
-219
Let i(q) = -2*q**3 - 68*q**2 + 78*q + 269. Calculate i(-35).
-11
Let y(c) = -25*c**2 - 3*c - 7. Determine y(-2).
-101
Let v(p) = 5*p**2 - 315*p - 4. Give v(63).
-4
Let x(m) = -485*m + 4304. Give x(9).
-61
Let p(u) = u**2 + 78*u - 2014. What is p(-99)?
65
Let c(h) = h**2 - 315*h + 3342. What is c(11)?
-2
Let b(s) = -10*s**2 - 20*s + 58. Calculate b(2).
-22
Let u(r) = -37*r - 102. What is u(-2)?
-28
Let x(h) = -17*h**3 - 834*h**2 - 49*h - 10. Determine x(-49).
-10
Let p(y) = 6*y**2 - 14*y + 35. Determine p(2).
31
Let r(p) = 2*p**2 - 9*p - 18. Give r(7).
17
Let p(g) = g**3 - 31*g**2 + 168*g - 13. What is p(24)?
-13
Let m(x) = -x**2 - 13*x - 35. Determine m(-10).
-5
Let u(i) = -26*i**2 + 152*i + 110. What is u(6)?
86
Let k(g) = -g**3 + 2*g**2 + 105*g + 197. Give k(-8).
-3
Let m(y) = y**2 + 16*y + 10. What is m(-3)?
-29
Let c(h) = 13*h**2 - 48*h - 108. Calculate c(-4).
292
Let s(b) = -190*b + 1133. What is s(6)?
-7
Let r(p) = -1431*p - 5728. Calculate r(-4).
-4
Let i(v) = -10429*v - 104287. What is i(-10)?
3
Let b(x) = x**3 - 14*x**2 - 6*x - 118. Give b(15).
17
Let c(r) = r**3 - 58*r**2 - 385*r + 68. Determine c(64).
4
Let c(u) = -40*u**2 - 294*u + 1155. Give c(4).
-661
Let x(u) = 4*u**3 - 14*u**2 + 6*u - 4. Determine x(3).
-4
Let n(d) = 35*d**2 + 456*d + 18. Determine n(-13).
5
Let z(c) = -6*c**2 + 20*c + 551. Give z(-8).
7
Let w(b) = 8*b**2 + 365*b + 1802. Give w(-40).
2
Let x(l) = -5*l**2 + 2*l + 16. Calculate x(-2).
-8
Let t(i) = i**3 + 5*i**2 + 17*i + 6. Calculate t(-4).
-46
Let m(k) = k**3 + 4*k**2 - 1668*k - 6689. Determine m(-4).
-17
Let h(p) = 1797*p - 9015. Determine h(5).
-30
Let v(k) = 4*k**2 + 67*k + 31. Give v(-8).
-249
Let g(c) = -2528*c - 106172. What is g(-42)?
4
Let g(i) = -18*i + 15. Calculate g(5).
-75
Le